{"id":12423,"date":"2015-12-16T12:23:49","date_gmt":"2015-12-16T11:23:49","guid":{"rendered":"http:\/\/www.sarl-bidaud.fr\/bidaud\/?page_id=12423"},"modified":"2015-12-16T12:33:57","modified_gmt":"2015-12-16T11:33:57","slug":"menuiserie-exterieure","status":"publish","type":"page","link":"http:\/\/www.sarl-bidaud.fr\/bidaud\/menuiserie-exterieure\/","title":{"rendered":"Menuiserie ext\u00e9rieure"},"content":{"rendered":"[spb_text_block pb_margin_bottom=\u00a0\u00bbno\u00a0\u00bb pb_border_bottom=\u00a0\u00bbno\u00a0\u00bb width=\u00a0\u00bb1\/2&Prime; el_position=\u00a0\u00bbfirst\u00a0\u00bb]\n<p>Nous intervenons pour la <strong>menuiserie ext\u00e9rieure de votre habitat<\/strong>. Nous vous apportons des solutions et des chiffrages pr\u00e9cis.<\/p>\n<p>Nous disposons d\u2019une<strong> gamme de produits diversifi\u00e9s bois, alu, PVC, mixte<\/strong> pour mettre en valeur votre ext\u00e9rieur.<\/p>\n<p><strong>La pose est assur\u00e9e par nos techniciens dans le respect des normes en vigueur.<\/strong><\/p>\n<p><strong> Menuiseries ext\u00e9rieures<\/strong><\/p>\n<ul>\n<li>Ouverture, PVC \/bois \/alu.<\/li>\n<li>Portes d&rsquo;entr\u00e9es.<\/li>\n<li>Volet battant, roulant et persienne.<\/li>\n<li>Porte de garage sectionnelle, basculante.<\/li>\n<li>Garde corps.<\/li>\n<\/ul>\n[\/spb_text_block] [sf_gallery title=\u00a0\u00bbQuelques r\u00e9alisation de la Sarl BIDAUD\u00a0\u00bb gallery_id=\u00a0\u00bb12267&Prime; slider_transition=\u00a0\u00bbslide\u00a0\u00bb show_thumbs=\u00a0\u00bbyes\u00a0\u00bb autoplay=\u00a0\u00bbyes\u00a0\u00bb show_captions=\u00a0\u00bbyes\u00a0\u00bb enable_lightbox=\u00a0\u00bbyes\u00a0\u00bb width=\u00a0\u00bb1\/2&Prime; el_position=\u00a0\u00bblast\u00a0\u00bb] [blank_spacer height=\u00a0\u00bb30px\u00a0\u00bb width=\u00a0\u00bb1\/1&Prime; el_position=\u00a0\u00bbfirst last\u00a0\u00bb]\n","protected":false},"excerpt":{"rendered":"<p>[spb_text_block pb_margin_bottom=\u00a0\u00bbno\u00a0\u00bb pb_border_bottom=\u00a0\u00bbno\u00a0\u00bb width=\u00a0\u00bb1\/2&Prime; el_position=\u00a0\u00bbfirst\u00a0\u00bb] Nous intervenons pour la menuiserie ext\u00e9rieure de votre habitat. Nous vous apportons des solutions et des chiffrages pr\u00e9cis. Nous disposons d\u2019une gamme de produits diversifi\u00e9s bois, alu, PVC, mixte pour mettre en valeur votre ext\u00e9rieur. La pose est assur\u00e9e par nos techniciens dans le respect des normes en vigueur. Menuiseries ext\u00e9rieures Ouverture, PVC \/bois \/alu. [&hellip;]<\/p>\n","protected":false},"author":1,"featured_media":0,"parent":0,"menu_order":0,"comment_status":"closed","ping_status":"closed","template":"","meta":{"footnotes":""},"_links":{"self":[{"href":"http:\/\/www.sarl-bidaud.fr\/bidaud\/wp-json\/wp\/v2\/pages\/12423"}],"collection":[{"href":"http:\/\/www.sarl-bidaud.fr\/bidaud\/wp-json\/wp\/v2\/pages"}],"about":[{"href":"http:\/\/www.sarl-bidaud.fr\/bidaud\/wp-json\/wp\/v2\/types\/page"}],"author":[{"embeddable":true,"href":"http:\/\/www.sarl-bidaud.fr\/bidaud\/wp-json\/wp\/v2\/users\/1"}],"replies":[{"embeddable":true,"href":"http:\/\/www.sarl-bidaud.fr\/bidaud\/wp-json\/wp\/v2\/comments?post=12423"}],"version-history":[{"count":1,"href":"http:\/\/www.sarl-bidaud.fr\/bidaud\/wp-json\/wp\/v2\/pages\/12423\/revisions"}],"predecessor-version":[{"id":12425,"href":"http:\/\/www.sarl-bidaud.fr\/bidaud\/wp-json\/wp\/v2\/pages\/12423\/revisions\/12425"}],"wp:attachment":[{"href":"http:\/\/www.sarl-bidaud.fr\/bidaud\/wp-json\/wp\/v2\/media?parent=12423"}],"curies":[{"name":"wp","href":"https:\/\/api.w.org\/{rel}","templated":true}]}}

Menuiserie extérieure

[spb_text_block pb_margin_bottom= »no » pb_border_bottom= »no » width= »1/2&Prime; el_position= »first »]
<p>Nous intervenons pour la <strong>menuiserie extérieure de votre habitat</strong>. Nous vous apportons des solutions et des chiffrages précis.</p>
<p>Nous disposons d’une<strong> gamme de produits diversifiés bois, alu, PVC, mixte</strong> pour mettre en valeur votre extérieur.</p>
<p><strong>La pose est assurée par nos techniciens dans le respect des normes en vigueur.</strong></p>
<p><strong> Menuiseries extérieures</strong></p>
<ul>
<li>Ouverture, PVC /bois /alu.</li>
<li>Portes d&rsquo;entrées.</li>
<li>Volet battant, roulant et persienne.</li>
<li>Porte de garage sectionnelle, basculante.</li>
<li>Garde corps.</li>
</ul>
[/spb_text_block] [sf_gallery title= »Quelques réalisation de la Sarl BIDAUD » gallery_id= »12267&Prime; slider_transition= »slide » show_thumbs= »yes » autoplay= »yes » show_captions= »yes » enable_lightbox= »yes » width= »1/2&Prime; el_position= »last »] [blank_spacer height= »30px » width= »1/1&Prime; el_position= »first last »]

<p>[spb_text_block pb_margin_bottom= »no » pb_border_bottom= »no » width= »1/2&Prime; el_position= »first »] Nous intervenons pour la menuiserie extérieure de votre habitat. Nous vous apportons des solutions et des chiffrages précis. Nous disposons d’une gamme de produits diversifiés bois, alu, PVC, mixte pour mettre en valeur votre extérieur. La pose est assurée par nos techniciens dans le respect des normes en vigueur. Menuiseries extérieures Ouverture, PVC /bois /alu. [&hellip;]</p>
