{"id":12229,"date":"2015-12-16T07:15:35","date_gmt":"2015-12-16T06:15:35","guid":{"rendered":"http:\/\/localhost\/bidaud02\/?page_id=12229"},"modified":"2020-09-23T09:36:14","modified_gmt":"2020-09-23T08:36:14","slug":"amenagement-interieur","status":"publish","type":"page","link":"https:\/\/www.sarl-bidaud.fr\/bidaud\/amenagement-interieur\/","title":{"rendered":"Am\u00e9nagement int\u00e9rieur"},"content":{"rendered":"[spb_text_block pb_margin_bottom=\u00a0\u00bbno\u00a0\u00bb pb_border_bottom=\u00a0\u00bbno\u00a0\u00bb width=\u00a0\u00bb1\/2&Prime; el_position=\u00a0\u00bbfirst\u00a0\u00bb]\n<p><strong>Confiez la ma\u00eetrise d&rsquo;\u0153uvre de vos am\u00e9nagements int\u00e9rieurs \u00e0 des professionnels exp\u00e9riment\u00e9s et reconnus.<\/strong><\/p>\n<p><strong> Am\u00e9nagement int\u00e9rieur<\/strong><\/p>\n<p>Notre objectif est de vous apporter le <strong>meilleur rapport qualit\u00e9\/prix<\/strong> gr\u00e2ce \u00e0 une recherche permanente de<strong> produits\u00a0 de qualit\u00e9<\/strong> et une <strong>pose par des professionnels<\/strong> pour votre plus grande satisfaction.<\/p>\n<p><strong> Nous r\u00e9alisons : <\/strong><\/p>\n<ul>\n<li>La <strong>fabrication artisanale sur mesure d\u2019escalier bois\/m\u00e9ta<\/strong>l\u00a0 (Movingui, ch\u00eane, h\u00eatre\u2026).<\/li>\n<li>La fabrication de<strong> garde corps<\/strong> bois, m\u00e9tal, alu.<\/li>\n<li>La pose de <strong>lambris<\/strong>.<\/li>\n<li>La pose de <strong>parquet<\/strong>.<\/li>\n<li>L\u2019agencement de <strong>placard<\/strong>.<\/li>\n<li>La pose de placards coulissant, pliant ou ouvrant \u00e0 la fran\u00e7aise.<\/li>\n<li>La pose de<strong> bloc porte<\/strong>.<\/li>\n<\/ul>\n[\/spb_text_block] [sf_gallery title=\u00a0\u00bbQuelques r\u00e9alisation de la Sarl BIDAUD\u00a0\u00bb gallery_id=\u00a0\u00bb12268&Prime; slider_transition=\u00a0\u00bbslide\u00a0\u00bb show_thumbs=\u00a0\u00bbyes\u00a0\u00bb autoplay=\u00a0\u00bbyes\u00a0\u00bb show_captions=\u00a0\u00bbyes\u00a0\u00bb enable_lightbox=\u00a0\u00bbyes\u00a0\u00bb width=\u00a0\u00bb1\/2&Prime; el_position=\u00a0\u00bblast\u00a0\u00bb] [blank_spacer height=\u00a0\u00bb30px\u00a0\u00bb width=\u00a0\u00bb1\/1&Prime; el_position=\u00a0\u00bbfirst last\u00a0\u00bb]\n","protected":false},"excerpt":{"rendered":"<p>[spb_text_block pb_margin_bottom=\u00a0\u00bbno\u00a0\u00bb pb_border_bottom=\u00a0\u00bbno\u00a0\u00bb width=\u00a0\u00bb1\/2&Prime; el_position=\u00a0\u00bbfirst\u00a0\u00bb] Confiez la ma\u00eetrise d&rsquo;\u0153uvre de vos am\u00e9nagements int\u00e9rieurs \u00e0 des professionnels exp\u00e9riment\u00e9s et reconnus. Am\u00e9nagement int\u00e9rieur Notre objectif est de vous apporter le meilleur rapport qualit\u00e9\/prix gr\u00e2ce \u00e0 une recherche permanente de produits\u00a0 de qualit\u00e9 et une pose par des professionnels pour votre plus grande satisfaction. Nous r\u00e9alisons : La fabrication artisanale sur mesure d\u2019escalier [&hellip;]<\/p>\n","protected":false},"author":1,"featured_media":0,"parent":0,"menu_order":0,"comment_status":"closed","ping_status":"closed","template":"","meta":{"footnotes":""},"_links":{"self":[{"href":"https:\/\/www.sarl-bidaud.fr\/bidaud\/wp-json\/wp\/v2\/pages\/12229"}],"collection":[{"href":"https:\/\/www.sarl-bidaud.fr\/bidaud\/wp-json\/wp\/v2\/pages"}],"about":[{"href":"https:\/\/www.sarl-bidaud.fr\/bidaud\/wp-json\/wp\/v2\/types\/page"}],"author":[{"embeddable":true,"href":"https:\/\/www.sarl-bidaud.fr\/bidaud\/wp-json\/wp\/v2\/users\/1"}],"replies":[{"embeddable":true,"href":"https:\/\/www.sarl-bidaud.fr\/bidaud\/wp-json\/wp\/v2\/comments?post=12229"}],"version-history":[{"count":1,"href":"https:\/\/www.sarl-bidaud.fr\/bidaud\/wp-json\/wp\/v2\/pages\/12229\/revisions"}],"predecessor-version":[{"id":12433,"href":"https:\/\/www.sarl-bidaud.fr\/bidaud\/wp-json\/wp\/v2\/pages\/12229\/revisions\/12433"}],"wp:attachment":[{"href":"https:\/\/www.sarl-bidaud.fr\/bidaud\/wp-json\/wp\/v2\/media?parent=12229"}],"curies":[{"name":"wp","href":"https:\/\/api.w.org\/{rel}","templated":true}]}}

Aménagement intérieur

[spb_text_block pb_margin_bottom= »no » pb_border_bottom= »no » width= »1/2&Prime; el_position= »first »]
<p><strong>Confiez la maîtrise d&rsquo;œuvre de vos aménagements intérieurs à des professionnels expérimentés et reconnus.</strong></p>
<p><strong> Aménagement intérieur</strong></p>
<p>Notre objectif est de vous apporter le <strong>meilleur rapport qualité/prix</strong> grâce à une recherche permanente de<strong> produits  de qualité</strong> et une <strong>pose par des professionnels</strong> pour votre plus grande satisfaction.</p>
<p><strong> Nous réalisons : </strong></p>
<ul>
<li>La <strong>fabrication artisanale sur mesure d’escalier bois/méta</strong>l  (Movingui, chêne, hêtre…).</li>
<li>La fabrication de<strong> garde corps</strong> bois, métal, alu.</li>
<li>La pose de <strong>lambris</strong>.</li>
<li>La pose de <strong>parquet</strong>.</li>
<li>L’agencement de <strong>placard</strong>.</li>
<li>La pose de placards coulissant, pliant ou ouvrant à la française.</li>
<li>La pose de<strong> bloc porte</strong>.</li>
</ul>
[/spb_text_block] [sf_gallery title= »Quelques réalisation de la Sarl BIDAUD » gallery_id= »12268&Prime; slider_transition= »slide » show_thumbs= »yes » autoplay= »yes » show_captions= »yes » enable_lightbox= »yes » width= »1/2&Prime; el_position= »last »] [blank_spacer height= »30px » width= »1/1&Prime; el_position= »first last »]

<p>[spb_text_block pb_margin_bottom= »no » pb_border_bottom= »no » width= »1/2&Prime; el_position= »first »] Confiez la maîtrise d&rsquo;œuvre de vos aménagements intérieurs à des professionnels expérimentés et reconnus. Aménagement intérieur Notre objectif est de vous apporter le meilleur rapport qualité/prix grâce à une recherche permanente de produits  de qualité et une pose par des professionnels pour votre plus grande satisfaction. Nous réalisons : La fabrication artisanale sur mesure d’escalier [&hellip;]</p>
